{"id":272,"date":"2025-02-25T21:15:59","date_gmt":"2025-02-25T21:15:59","guid":{"rendered":"https:\/\/safrie.org\/?page_id=272"},"modified":"2026-04-21T22:22:02","modified_gmt":"2026-04-21T22:22:02","slug":"evenements","status":"publish","type":"page","link":"https:\/\/safrie.org\/?page_id=272","title":{"rendered":"\u00c9v\u00e8nements"},"content":{"rendered":"\n<h4 class=\"wp-block-heading\">Camp de Jour P\u00e9dagogique (\u00c9t\u00e9 2026)<\/h4>\n\n\n\n<p><strong>Du 2 Juillet au 9 Ao\u00fbt 2026<\/strong><\/p>\n\n\n\n<p>Inscriptions: Contactez-nous au (819) 345-6480<\/p>\n\n\n\n<h4 class=\"wp-block-heading\"><\/h4>\n\n\n\n<p><\/p>\n","protected":false},"excerpt":{"rendered":"<p>Camp de Jour P\u00e9dagogique (\u00c9t\u00e9 2026) Du 2 Juillet au 9 Ao\u00fbt 2026 Inscriptions: Contactez-nous au (819) 345-6480<\/p>\n","protected":false},"author":1,"featured_media":0,"parent":0,"menu_order":0,"comment_status":"closed","ping_status":"closed","template":"","meta":{"footnotes":""},"class_list":["post-272","page","type-page","status-publish","hentry"],"_links":{"self":[{"href":"https:\/\/safrie.org\/index.php?rest_route=\/wp\/v2\/pages\/272","targetHints":{"allow":["GET"]}}],"collection":[{"href":"https:\/\/safrie.org\/index.php?rest_route=\/wp\/v2\/pages"}],"about":[{"href":"https:\/\/safrie.org\/index.php?rest_route=\/wp\/v2\/types\/page"}],"author":[{"embeddable":true,"href":"https:\/\/safrie.org\/index.php?rest_route=\/wp\/v2\/users\/1"}],"replies":[{"embeddable":true,"href":"https:\/\/safrie.org\/index.php?rest_route=%2Fwp%2Fv2%2Fcomments&post=272"}],"version-history":[{"count":13,"href":"https:\/\/safrie.org\/index.php?rest_route=\/wp\/v2\/pages\/272\/revisions"}],"predecessor-version":[{"id":391,"href":"https:\/\/safrie.org\/index.php?rest_route=\/wp\/v2\/pages\/272\/revisions\/391"}],"wp:attachment":[{"href":"https:\/\/safrie.org\/index.php?rest_route=%2Fwp%2Fv2%2Fmedia&parent=272"}],"curies":[{"name":"wp","href":"https:\/\/api.w.org\/{rel}","templated":true}]}}

Évènements

<h4 class="wp-block-heading">Camp de Jour Pédagogique (Été 2026)</h4>



<p><strong>Du 2 Juillet au 9 Août 2026</strong></p>



<p>Inscriptions: Contactez-nous au (819) 345-6480</p>



<h4 class="wp-block-heading"></h4>



<p></p>

<p>Camp de Jour Pédagogique (Été 2026) Du 2 Juillet au 9 Août 2026 Inscriptions: Contactez-nous au (819) 345-6480</p>
